{"id":567,"date":"2020-05-22T09:38:19","date_gmt":"2020-05-22T09:38:19","guid":{"rendered":"http:\/\/forumezdrowia.pl\/info\/pl\/?post_type=autor&#038;p=567"},"modified":"2020-06-04T16:35:10","modified_gmt":"2020-06-04T16:35:10","slug":"piotr-popowski","status":"publish","type":"autorzy","link":"http:\/\/forumezdrowia.pl\/info\/autorzy\/piotr-popowski\/","title":{"rendered":"Piotr Popowski"},"content":{"rendered":"\n<p>Absolwent Akademii Medycznej w Gda\u0144sku oraz Wydzia\u0142u Zarz\u0105dzania Uniwersytetu Gda\u0144skiego. Lekarz, dr nauk medycznych, od wielu lat zwi\u0105zany z Zak\u0142adem Zdrowia Publicznego i Medycyny Spo\u0142ecznej Gda\u0144skiego Uniwersytetu Medycznego, gdzie zajmuje si\u0119 problemami system\u00f3w zdrowia, zintegrowanej opieki i e-zdrowia. Kierownik kilku projekt\u00f3w wsp\u00f3\u0142pracy Uniwersytetu, Uniwersyteckiego Centrum Klinicznego i Polskiego Towarzystwa Program\u00f3w Zdrowotnych z samorz\u0105dami terytorialnymi i biznesem w zakresie przygotowania i testowania rozwi\u0105za\u0144 koordynacji opieki i telemedycyny.<\/p>\n\n\n\n<p>Wsp\u00f3\u0142za\u0142o\u017cyciel, w 2005 roku, Polskiego Towarzystwa Program\u00f3w Zdrowotnych \u2013 obecnie jego Przewodnicz\u0105cy. W dzia\u0142aniach Towarzystwa prowadzi sprawy dotycz\u0105ce zintegrowanej opieki, w szczeg\u00f3lno\u015bci wsp\u00f3\u0142pracy sektor\u00f3w pomocy spo\u0142ecznej i zdrowia w kreowaniu rozwi\u0105za\u0144 opieki koordynowanej. Posiada do\u015bwiadczenia w organizacji i zarz\u0105dzaniu populacyjnymi programami zdrowotnymi; przez wiele lat kierowa\u0142 o\u015brodkiem koordynacji populacyjnych program\u00f3w profilaktycznych.<\/p>\n\n\n\n<p>W 2014 roku kierowa\u0142 projektem Gda\u0144skiego Uniwersytetu Medycznego, okre\u015blaj\u0105cym mo\u017cliwo\u015bci powstania Centrum Badawczo \u2013 Wdro\u017ceniowego Program\u00f3w Zintegrowanej Opieki i Telemedycyny \u2013 obecnie prace Centrum Zintegrowanej Opieki i e-Zdrowia. Wsp\u00f3\u0142pracuje z organizacjami mi\u0119dzynarodowymi zajmuj\u0105cymi si\u0119 zdrowiem publicznym oraz opiek\u0105 zintegrowan\u0105. W 2015 roku zainicjowa\u0142 powstanie Pomorskiego Partnerstwa na rzecz zintegrowanej opieki zdrowotnej, kt\u00f3re na Pomorzu skupia podmioty zaanga\u017cowane w rozw\u00f3j takich form opieki.<\/p>\n","protected":false},"excerpt":{"rendered":"<p>Absolwent Akademii Medycznej w Gda\u0144sku oraz Wydzia\u0142u Zarz\u0105dzania Uniwersytetu Gda\u0144skiego. Lekarz, dr nauk medycznych, od wielu lat zwi\u0105zany z Zak\u0142adem Zdrowia Publicznego i Medycyny Spo\u0142ecznej Gda\u0144skiego Uniwersytetu Medycznego, gdzie zajmuje si\u0119 problemami system\u00f3w zdrowia, zintegrowanej opieki i e-zdrowia. Kierownik kilku projekt\u00f3w wsp\u00f3\u0142pracy Uniwersytetu, Uniwersyteckiego Centrum Klinicznego i Polskiego Towarzystwa Program\u00f3w Zdrowotnych z samorz\u0105dami terytorialnymi i [&hellip;]<\/p>\n","protected":false},"author":5,"featured_media":571,"template":"","tags":[],"class_list":["post-567","autorzy","type-autorzy","status-publish","has-post-thumbnail","hentry"],"acf":[],"yoast_head":"<!-- This site is optimized with the Yoast SEO plugin v23.1 - https:\/\/yoast.com\/wordpress\/plugins\/seo\/ -->\n<title>Piotr Popowski - Info e-Zdrowie<\/title>\n<meta name=\"robots\" content=\"index, follow, max-snippet:-1, max-image-preview:large, max-video-preview:-1\" \/>\n<link rel=\"canonical\" href=\"http:\/\/forumezdrowia.pl\/info\/autorzy\/piotr-popowski\/\" \/>\n<meta property=\"og:locale\" content=\"en_US\" \/>\n<meta property=\"og:type\" content=\"article\" \/>\n<meta property=\"og:title\" content=\"Piotr Popowski - Info e-Zdrowie\" \/>\n<meta property=\"og:description\" content=\"Absolwent Akademii Medycznej w Gda\u0144sku oraz Wydzia\u0142u Zarz\u0105dzania Uniwersytetu Gda\u0144skiego. Lekarz, dr nauk medycznych, od wielu lat zwi\u0105zany z Zak\u0142adem Zdrowia Publicznego i Medycyny Spo\u0142ecznej Gda\u0144skiego Uniwersytetu Medycznego, gdzie zajmuje si\u0119 problemami system\u00f3w zdrowia, zintegrowanej opieki i e-zdrowia. Kierownik kilku projekt\u00f3w wsp\u00f3\u0142pracy Uniwersytetu, Uniwersyteckiego Centrum Klinicznego i Polskiego Towarzystwa Program\u00f3w Zdrowotnych z samorz\u0105dami terytorialnymi i [&hellip;]\" \/>\n<meta property=\"og:url\" content=\"http:\/\/forumezdrowia.pl\/info\/autorzy\/piotr-popowski\/\" \/>\n<meta property=\"og:site_name\" content=\"Info e-Zdrowie\" \/>\n<meta property=\"article:modified_time\" content=\"2020-06-04T16:35:10+00:00\" \/>\n<meta property=\"og:image\" content=\"http:\/\/forumezdrowia.pl\/info\/wp-content\/uploads\/2020\/05\/piotr-poprowski.jpg\" \/>\n\t<meta property=\"og:image:width\" content=\"500\" \/>\n\t<meta property=\"og:image:height\" content=\"500\" \/>\n\t<meta property=\"og:image:type\" content=\"image\/jpeg\" \/>\n<meta name=\"twitter:card\" content=\"summary_large_image\" \/>\n<meta name=\"twitter:label1\" content=\"Est. reading time\" \/>\n\t<meta name=\"twitter:data1\" content=\"1 minute\" \/>\n<script type=\"application\/ld+json\" class=\"yoast-schema-graph\">{\"@context\":\"https:\/\/schema.org\",\"@graph\":[{\"@type\":\"WebPage\",\"@id\":\"http:\/\/forumezdrowia.pl\/info\/autorzy\/piotr-popowski\/\",\"url\":\"http:\/\/forumezdrowia.pl\/info\/autorzy\/piotr-popowski\/\",\"name\":\"Piotr Popowski - Info e-Zdrowie\",\"isPartOf\":{\"@id\":\"https:\/\/forumezdrowia.pl\/info\/#website\"},\"primaryImageOfPage\":{\"@id\":\"http:\/\/forumezdrowia.pl\/info\/autorzy\/piotr-popowski\/#primaryimage\"},\"image\":{\"@id\":\"http:\/\/forumezdrowia.pl\/info\/autorzy\/piotr-popowski\/#primaryimage\"},\"thumbnailUrl\":\"http:\/\/forumezdrowia.pl\/info\/wp-content\/uploads\/2020\/05\/piotr-poprowski.jpg\",\"datePublished\":\"2020-05-22T09:38:19+00:00\",\"dateModified\":\"2020-06-04T16:35:10+00:00\",\"breadcrumb\":{\"@id\":\"http:\/\/forumezdrowia.pl\/info\/autorzy\/piotr-popowski\/#breadcrumb\"},\"inLanguage\":\"en-US\",\"potentialAction\":[{\"@type\":\"ReadAction\",\"target\":[\"http:\/\/forumezdrowia.pl\/info\/autorzy\/piotr-popowski\/\"]}]},{\"@type\":\"ImageObject\",\"inLanguage\":\"en-US\",\"@id\":\"http:\/\/forumezdrowia.pl\/info\/autorzy\/piotr-popowski\/#primaryimage\",\"url\":\"http:\/\/forumezdrowia.pl\/info\/wp-content\/uploads\/2020\/05\/piotr-poprowski.jpg\",\"contentUrl\":\"http:\/\/forumezdrowia.pl\/info\/wp-content\/uploads\/2020\/05\/piotr-poprowski.jpg\",\"width\":500,\"height\":500},{\"@type\":\"BreadcrumbList\",\"@id\":\"http:\/\/forumezdrowia.pl\/info\/autorzy\/piotr-popowski\/#breadcrumb\",\"itemListElement\":[{\"@type\":\"ListItem\",\"position\":1,\"name\":\"Strona g\u0142\u00f3wna\",\"item\":\"https:\/\/forumezdrowia.pl\/info\/\"},{\"@type\":\"ListItem\",\"position\":2,\"name\":\"Autorzy\",\"item\":\"http:\/\/forumezdrowia.pl\/info\/autorzy\/\"},{\"@type\":\"ListItem\",\"position\":3,\"name\":\"Piotr Popowski\"}]},{\"@type\":\"WebSite\",\"@id\":\"https:\/\/forumezdrowia.pl\/info\/#website\",\"url\":\"https:\/\/forumezdrowia.pl\/info\/\",\"name\":\"Info e-Zdrowie\",\"description\":\"Cyfrowa transformacja w obszarze zdrowia\",\"potentialAction\":[{\"@type\":\"SearchAction\",\"target\":{\"@type\":\"EntryPoint\",\"urlTemplate\":\"https:\/\/forumezdrowia.pl\/info\/?s={search_term_string}\"},\"query-input\":\"required name=search_term_string\"}],\"inLanguage\":\"en-US\"}]}<\/script>\n<!-- \/ Yoast SEO plugin. -->","yoast_head_json":{"title":"Piotr Popowski - Info e-Zdrowie","robots":{"index":"index","follow":"follow","max-snippet":"max-snippet:-1","max-image-preview":"max-image-preview:large","max-video-preview":"max-video-preview:-1"},"canonical":"http:\/\/forumezdrowia.pl\/info\/autorzy\/piotr-popowski\/","og_locale":"en_US","og_type":"article","og_title":"Piotr Popowski - Info e-Zdrowie","og_description":"Absolwent Akademii Medycznej w Gda\u0144sku oraz Wydzia\u0142u Zarz\u0105dzania Uniwersytetu Gda\u0144skiego. Lekarz, dr nauk medycznych, od wielu lat zwi\u0105zany z Zak\u0142adem Zdrowia Publicznego i Medycyny Spo\u0142ecznej Gda\u0144skiego Uniwersytetu Medycznego, gdzie zajmuje si\u0119 problemami system\u00f3w zdrowia, zintegrowanej opieki i e-zdrowia. Kierownik kilku projekt\u00f3w wsp\u00f3\u0142pracy Uniwersytetu, Uniwersyteckiego Centrum Klinicznego i Polskiego Towarzystwa Program\u00f3w Zdrowotnych z samorz\u0105dami terytorialnymi i [&hellip;]","og_url":"http:\/\/forumezdrowia.pl\/info\/autorzy\/piotr-popowski\/","og_site_name":"Info e-Zdrowie","article_modified_time":"2020-06-04T16:35:10+00:00","og_image":[{"width":500,"height":500,"url":"http:\/\/forumezdrowia.pl\/info\/wp-content\/uploads\/2020\/05\/piotr-poprowski.jpg","type":"image\/jpeg"}],"twitter_card":"summary_large_image","twitter_misc":{"Est. reading time":"1 minute"},"schema":{"@context":"https:\/\/schema.org","@graph":[{"@type":"WebPage","@id":"http:\/\/forumezdrowia.pl\/info\/autorzy\/piotr-popowski\/","url":"http:\/\/forumezdrowia.pl\/info\/autorzy\/piotr-popowski\/","name":"Piotr Popowski - Info e-Zdrowie","isPartOf":{"@id":"https:\/\/forumezdrowia.pl\/info\/#website"},"primaryImageOfPage":{"@id":"http:\/\/forumezdrowia.pl\/info\/autorzy\/piotr-popowski\/#primaryimage"},"image":{"@id":"http:\/\/forumezdrowia.pl\/info\/autorzy\/piotr-popowski\/#primaryimage"},"thumbnailUrl":"http:\/\/forumezdrowia.pl\/info\/wp-content\/uploads\/2020\/05\/piotr-poprowski.jpg","datePublished":"2020-05-22T09:38:19+00:00","dateModified":"2020-06-04T16:35:10+00:00","breadcrumb":{"@id":"http:\/\/forumezdrowia.pl\/info\/autorzy\/piotr-popowski\/#breadcrumb"},"inLanguage":"en-US","potentialAction":[{"@type":"ReadAction","target":["http:\/\/forumezdrowia.pl\/info\/autorzy\/piotr-popowski\/"]}]},{"@type":"ImageObject","inLanguage":"en-US","@id":"http:\/\/forumezdrowia.pl\/info\/autorzy\/piotr-popowski\/#primaryimage","url":"http:\/\/forumezdrowia.pl\/info\/wp-content\/uploads\/2020\/05\/piotr-poprowski.jpg","contentUrl":"http:\/\/forumezdrowia.pl\/info\/wp-content\/uploads\/2020\/05\/piotr-poprowski.jpg","width":500,"height":500},{"@type":"BreadcrumbList","@id":"http:\/\/forumezdrowia.pl\/info\/autorzy\/piotr-popowski\/#breadcrumb","itemListElement":[{"@type":"ListItem","position":1,"name":"Strona g\u0142\u00f3wna","item":"https:\/\/forumezdrowia.pl\/info\/"},{"@type":"ListItem","position":2,"name":"Autorzy","item":"http:\/\/forumezdrowia.pl\/info\/autorzy\/"},{"@type":"ListItem","position":3,"name":"Piotr Popowski"}]},{"@type":"WebSite","@id":"https:\/\/forumezdrowia.pl\/info\/#website","url":"https:\/\/forumezdrowia.pl\/info\/","name":"Info e-Zdrowie","description":"Cyfrowa transformacja w obszarze zdrowia","potentialAction":[{"@type":"SearchAction","target":{"@type":"EntryPoint","urlTemplate":"https:\/\/forumezdrowia.pl\/info\/?s={search_term_string}"},"query-input":"required name=search_term_string"}],"inLanguage":"en-US"}]}},"_links":{"self":[{"href":"http:\/\/forumezdrowia.pl\/info\/wp-json\/wp\/v2\/autorzy\/567"}],"collection":[{"href":"http:\/\/forumezdrowia.pl\/info\/wp-json\/wp\/v2\/autorzy"}],"about":[{"href":"http:\/\/forumezdrowia.pl\/info\/wp-json\/wp\/v2\/types\/autorzy"}],"author":[{"embeddable":true,"href":"http:\/\/forumezdrowia.pl\/info\/wp-json\/wp\/v2\/users\/5"}],"version-history":[{"count":3,"href":"http:\/\/forumezdrowia.pl\/info\/wp-json\/wp\/v2\/autorzy\/567\/revisions"}],"predecessor-version":[{"id":804,"href":"http:\/\/forumezdrowia.pl\/info\/wp-json\/wp\/v2\/autorzy\/567\/revisions\/804"}],"wp:featuredmedia":[{"embeddable":true,"href":"http:\/\/forumezdrowia.pl\/info\/wp-json\/wp\/v2\/media\/571"}],"wp:attachment":[{"href":"http:\/\/forumezdrowia.pl\/info\/wp-json\/wp\/v2\/media?parent=567"}],"wp:term":[{"taxonomy":"post_tag","embeddable":true,"href":"http:\/\/forumezdrowia.pl\/info\/wp-json\/wp\/v2\/tags?post=567"}],"curies":[{"name":"wp","href":"https:\/\/api.w.org\/{rel}","templated":true}]}}

<p>Absolwent Akademii Medycznej w Gdańsku oraz Wydziału Zarządzania Uniwersytetu Gdańskiego. Lekarz, dr nauk medycznych, od wielu lat związany z Zakładem Zdrowia Publicznego i Medycyny Społecznej Gdańskiego Uniwersytetu Medycznego, gdzie zajmuje się problemami systemów zdrowia, zintegrowanej opieki i e-zdrowia. Kierownik kilku projektów współpracy Uniwersytetu, Uniwersyteckiego Centrum Klinicznego i Polskiego Towarzystwa Programów Zdrowotnych z samorządami terytorialnymi i biznesem w zakresie przygotowania i testowania rozwiązań koordynacji opieki i telemedycyny.</p>



<p>Współzałożyciel, w 2005 roku, Polskiego Towarzystwa Programów Zdrowotnych – obecnie jego Przewodniczący. W działaniach Towarzystwa prowadzi sprawy dotyczące zintegrowanej opieki, w szczególności współpracy sektorów pomocy społecznej i zdrowia w kreowaniu rozwiązań opieki koordynowanej. Posiada doświadczenia w organizacji i zarządzaniu populacyjnymi programami zdrowotnymi; przez wiele lat kierował ośrodkiem koordynacji populacyjnych programów profilaktycznych.</p>



<p>W 2014 roku kierował projektem Gdańskiego Uniwersytetu Medycznego, określającym możliwości powstania Centrum Badawczo – Wdrożeniowego Programów Zintegrowanej Opieki i Telemedycyny – obecnie prace Centrum Zintegrowanej Opieki i e-Zdrowia. Współpracuje z organizacjami międzynarodowymi zajmującymi się zdrowiem publicznym oraz opieką zintegrowaną. W 2015 roku zainicjował powstanie Pomorskiego Partnerstwa na rzecz zintegrowanej opieki zdrowotnej, które na Pomorzu skupia podmioty zaangażowane w rozwój takich form opieki.</p>

<p>Absolwent Akademii Medycznej w Gdańsku oraz Wydziału Zarządzania Uniwersytetu Gdańskiego. Lekarz, dr nauk medycznych, od wielu lat związany z Zakładem Zdrowia Publicznego i Medycyny Społecznej Gdańskiego Uniwersytetu Medycznego, gdzie zajmuje się problemami systemów zdrowia, zintegrowanej opieki i e-zdrowia. Kierownik kilku projektów współpracy Uniwersytetu, Uniwersyteckiego Centrum Klinicznego i Polskiego Towarzystwa Programów Zdrowotnych z samorządami terytorialnymi i [&hellip;]</p>

<!-- This site is optimized with the Yoast SEO plugin v23.1 - https://yoast.com/wordpress/plugins/seo/ -->
<title>Piotr Popowski - Info e-Zdrowie</title>
<meta name="robots" content="index, follow, max-snippet:-1, max-image-preview:large, max-video-preview:-1" />
<link rel="canonical" href="http://forumezdrowia.pl/info/autorzy/piotr-popowski/" />
<meta property="og:locale" content="en_US" />
<meta property="og:type" content="article" />
<meta property="og:title" content="Piotr Popowski - Info e-Zdrowie" />
<meta property="og:description" content="Absolwent Akademii Medycznej w Gdańsku oraz Wydziału Zarządzania Uniwersytetu Gdańskiego. Lekarz, dr nauk medycznych, od wielu lat związany z Zakładem Zdrowia Publicznego i Medycyny Społecznej Gdańskiego Uniwersytetu Medycznego, gdzie zajmuje się problemami systemów zdrowia, zintegrowanej opieki i e-zdrowia. Kierownik kilku projektów współpracy Uniwersytetu, Uniwersyteckiego Centrum Klinicznego i Polskiego Towarzystwa Programów Zdrowotnych z samorządami terytorialnymi i [&hellip;]" />
<meta property="og:url" content="http://forumezdrowia.pl/info/autorzy/piotr-popowski/" />
<meta property="og:site_name" content="Info e-Zdrowie" />
<meta property="article:modified_time" content="2020-06-04T16:35:10+00:00" />
<meta property="og:image" content="http://forumezdrowia.pl/info/wp-content/uploads/2020/05/piotr-poprowski.jpg" />
	<meta property="og:image:width" content="500" />
	<meta property="og:image:height" content="500" />
	<meta property="og:image:type" content="image/jpeg" />
<meta name="twitter:card" content="summary_large_image" />
<meta name="twitter:label1" content="Est. reading time" />
	<meta name="twitter:data1" content="1 minute" />
<script type="application/ld+json" class="yoast-schema-graph">{"@context":"https://schema.org","@graph":[{"@type":"WebPage","@id":"http://forumezdrowia.pl/info/autorzy/piotr-popowski/","url":"http://forumezdrowia.pl/info/autorzy/piotr-popowski/","name":"Piotr Popowski - Info e-Zdrowie","isPartOf":{"@id":"https://forumezdrowia.pl/info/#website"},"primaryImageOfPage":{"@id":"http://forumezdrowia.pl/info/autorzy/piotr-popowski/#primaryimage"},"image":{"@id":"http://forumezdrowia.pl/info/autorzy/piotr-popowski/#primaryimage"},"thumbnailUrl":"http://forumezdrowia.pl/info/wp-content/uploads/2020/05/piotr-poprowski.jpg","datePublished":"2020-05-22T09:38:19+00:00","dateModified":"2020-06-04T16:35:10+00:00","breadcrumb":{"@id":"http://forumezdrowia.pl/info/autorzy/piotr-popowski/#breadcrumb"},"inLanguage":"en-US","potentialAction":[{"@type":"ReadAction","target":["http://forumezdrowia.pl/info/autorzy/piotr-popowski/"]}]},{"@type":"ImageObject","inLanguage":"en-US","@id":"http://forumezdrowia.pl/info/autorzy/piotr-popowski/#primaryimage","url":"http://forumezdrowia.pl/info/wp-content/uploads/2020/05/piotr-poprowski.jpg","contentUrl":"http://forumezdrowia.pl/info/wp-content/uploads/2020/05/piotr-poprowski.jpg","width":500,"height":500},{"@type":"BreadcrumbList","@id":"http://forumezdrowia.pl/info/autorzy/piotr-popowski/#breadcrumb","itemListElement":[{"@type":"ListItem","position":1,"name":"Strona główna","item":"https://forumezdrowia.pl/info/"},{"@type":"ListItem","position":2,"name":"Autorzy","item":"http://forumezdrowia.pl/info/autorzy/"},{"@type":"ListItem","position":3,"name":"Piotr Popowski"}]},{"@type":"WebSite","@id":"https://forumezdrowia.pl/info/#website","url":"https://forumezdrowia.pl/info/","name":"Info e-Zdrowie","description":"Cyfrowa transformacja w obszarze zdrowia","potentialAction":[{"@type":"SearchAction","target":{"@type":"EntryPoint","urlTemplate":"https://forumezdrowia.pl/info/?s={search_term_string}"},"query-input":"required name=search_term_string"}],"inLanguage":"en-US"}]}</script>
<!-- / Yoast SEO plugin. -->

Absolwent Akademii Medycznej w Gdańsku oraz Wydziału Zarządzania Uniwersytetu Gdańskiego. Lekarz, dr nauk medycznych, od wielu lat związany z Zakładem Zdrowia Publicznego i Medycyny Społecznej Gdańskiego Uniwersytetu Medycznego, gdzie zajmuje się problemami systemów zdrowia, zintegrowanej opieki i e-zdrowia. Kierownik kilku projektów współpracy Uniwersytetu, Uniwersyteckiego Centrum Klinicznego i Polskiego Towarzystwa Programów Zdrowotnych z samorządami terytorialnymi i [&hellip;]

Strona główna
